{"id":54,"date":"2013-07-25T00:33:46","date_gmt":"2013-07-25T00:33:46","guid":{"rendered":"https:\/\/www.odontologiabordelnieto.es\/?page_id=54"},"modified":"2013-09-18T17:58:02","modified_gmt":"2013-09-18T17:58:02","slug":"localizacion","status":"publish","type":"page","link":"https:\/\/www.odontologiabordelnieto.es\/?page_id=54","title":{"rendered":"Localizaci\u00f3n"},"content":{"rendered":"<p>&nbsp;<\/p>\n<table border=\"0\">\n<tbody>\n<tr>\n<td style=\"text-align: center; background-color: #dddddd;\"><iframe loading=\"lazy\" src=\"https:\/\/maps.google.es\/maps?f=q&amp;source=s_q&amp;hl=es&amp;geocode=&amp;q=Calle+del+Collado+de+Marichiva,+2,+Madrid&amp;aq=0&amp;oq=Calle+del+Collado+de+Marichiva,+2+Madrid&amp;sll=40.489819,-3.718971&amp;sspn=0.008143,0.013711&amp;t=h&amp;ie=UTF8&amp;hq=&amp;hnear=Calle+del+Collado+de+Marichiva,+2,+28035+Madrid&amp;ll=40.489814,-3.718979&amp;spn=0.008143,0.013711&amp;z=14&amp;iwloc=r0&amp;output=embed\" height=\"350\" width=\"425\" frameborder=\"0\" marginwidth=\"0\" marginheight=\"0\" scrolling=\"no\"><\/iframe><br \/>\n<small><a style=\"color: #0000ff; text-align: left;\" href=\"https:\/\/maps.google.es\/maps?f=q&amp;source=embed&amp;hl=es&amp;geocode=&amp;q=Calle+del+Collado+de+Marichiva,+2,+Madrid&amp;aq=0&amp;oq=Calle+del+Collado+de+Marichiva,+2+Madrid&amp;sll=40.489819,-3.718971&amp;sspn=0.008143,0.013711&amp;t=h&amp;ie=UTF8&amp;hq=&amp;hnear=Calle+del+Collado+de+Marichiva,+2,+28035+Madrid&amp;ll=40.489814,-3.718979&amp;spn=0.008143,0.013711&amp;z=14&amp;iwloc=r0\">Ver mapa m\u00e1s grande<\/a><\/small><\/td>\n<td style=\"text-align: center; background-color: #dddddd; width: 250px;\" valign=\"top\">\n<p align=\"center\"><strong>Odontolog\u00eda<\/strong><\/p>\n<p align=\"center\"><span style=\"color: #000080;\"><strong>BORDEL NIETO<\/strong><\/span><\/p>\n<p align=\"center\"><span style=\"color: #33cccc;\"><strong>Collado de Marichiva, 2 &#8211; 1\u00baC<\/strong><\/span><\/p>\n<p align=\"center\"><span style=\"color: #33cccc; line-height: 5%;\"><strong>28035 Madrid<\/strong><\/span><\/p>\n<p align=\"center\">\u00a0<span style=\"color: #339966; line-height: 100%;\"><strong><small><span style=\"color: #000000;\">\u00a0<\/span><span style=\"color: #339966;\">Metro<\/span><br \/>\n<span style=\"color: #339966;\">L\u00ednea 7. Estaci\u00f3n Lacoma<\/span><br \/>\n<span style=\"color: #339966;\">L\u00ednea 9. Estaci\u00f3n Mirasierra<\/span><br \/>\n<\/small><\/strong><\/span><\/p>\n<p align=\"center\"><span style=\"line-height: 100%; color: #0000ff;\"><strong><small>EMT<\/small><\/strong><\/span><strong><small><\/small><\/strong><\/p>\n<p><strong><span style=\"line-height: 5%; color: #0000ff;\"><span style=\"font-size: small;\">L\u00ednea 49. <\/span><\/span><\/strong><span style=\"color: #0000ff;\"><small><\/small><small><span style=\"line-height: 15%;\"><span style=\"font-size: small;\">Plaza Castilla-Arroyo del Fresno<\/span><\/span><\/small><\/span><\/p>\n<p align=\"center\"><span style=\"line-height: 15%; color: #003300;\"><span style=\"font-size: xx-small;\">Ida Ventisquero de la Condesa &#8211; Cemtro<\/span><\/span><\/p>\n<p align=\"center\"><span style=\"color: #003300;\"><span style=\"line-height: 15%;\"><span style=\"font-size: xx-small;\">Vuelta: Ventisquero de la Condesa -Collado de Marichiva<\/span><\/span><\/span><\/p>\n<p align=\"center\"><span style=\"line-height: 5%; color: #33cccc;\"><span style=\"font-size: small;\"><span style=\"color: #0000ff;\"><strong>L\u00ednea 64. <\/strong><\/span><\/span><\/span><span style=\"color: #0000ff;\"><span style=\"line-height: 100%;\"><span style=\"font-size: small;\">Cuatro Caminos-Arroyo del Fresno<\/span><\/span><\/span><\/p>\n<p align=\"center\"><span style=\"line-height: 15%; color: #003300;\"><span style=\"font-size: xx-small;\">Ida: Ventisquero de la Condesa &#8211; Cerro Minguete<\/span><\/span><\/p>\n<p align=\"center\"><span style=\"color: #003300;\"><span style=\"line-height: 15%;\"><span style=\"font-size: xx-small;\">Vuelta Ventisquero de la Condesa &#8211; Cerro Minguete<\/span><\/span><\/span><\/p>\n<\/td>\n<\/tr>\n<\/tbody>\n<\/table>\n<p><\/p>\n","protected":false},"excerpt":{"rendered":"<p>&nbsp; Ver mapa m\u00e1s grande Odontolog\u00eda BORDEL NIETO Collado de Marichiva, 2 &#8211; 1\u00baC 28035 Madrid \u00a0\u00a0Metro L\u00ednea 7. Estaci\u00f3n Lacoma L\u00ednea 9. Estaci\u00f3n Mirasierra EMT L\u00ednea 49. Plaza Castilla-Arroyo del Fresno Ida Ventisquero de la Condesa &#8211; Cemtro Vuelta:&hellip;<\/p>\n<p class=\"more-link-p\"><a class=\"more-link\" href=\"https:\/\/www.odontologiabordelnieto.es\/?page_id=54\">Read more &rarr;<\/a><\/p>\n","protected":false},"author":1,"featured_media":0,"parent":0,"menu_order":0,"comment_status":"closed","ping_status":"open","template":"","meta":[],"yoast_head":"<!-- This site is optimized with the Yoast SEO plugin v19.10 - https:\/\/yoast.com\/wordpress\/plugins\/seo\/ -->\n<title>Localizaci\u00f3n - Odontolog\u00eda BORDEL NIETO<\/title>\n<meta name=\"robots\" content=\"index, follow, max-snippet:-1, max-image-preview:large, max-video-preview:-1\" \/>\n<link rel=\"canonical\" href=\"https:\/\/www.odontologiabordelnieto.es\/?page_id=54\" \/>\n<meta property=\"og:locale\" content=\"es_ES\" \/>\n<meta property=\"og:type\" content=\"article\" \/>\n<meta property=\"og:title\" content=\"Localizaci\u00f3n - Odontolog\u00eda BORDEL NIETO\" \/>\n<meta property=\"og:description\" content=\"&nbsp; Ver mapa m\u00e1s grande Odontolog\u00eda BORDEL NIETO Collado de Marichiva, 2 &#8211; 1\u00baC 28035 Madrid \u00a0\u00a0Metro L\u00ednea 7. Estaci\u00f3n Lacoma L\u00ednea 9. Estaci\u00f3n Mirasierra EMT L\u00ednea 49. Plaza Castilla-Arroyo del Fresno Ida Ventisquero de la Condesa &#8211; Cemtro Vuelta:&hellip;Read more &rarr;\" \/>\n<meta property=\"og:url\" content=\"https:\/\/www.odontologiabordelnieto.es\/?page_id=54\" \/>\n<meta property=\"og:site_name\" content=\"Odontolog\u00eda BORDEL NIETO\" \/>\n<meta property=\"article:modified_time\" content=\"2013-09-18T17:58:02+00:00\" \/>\n<meta name=\"twitter:card\" content=\"summary_large_image\" \/>\n<script type=\"application\/ld+json\" class=\"yoast-schema-graph\">{\"@context\":\"https:\/\/schema.org\",\"@graph\":[{\"@type\":\"WebPage\",\"@id\":\"https:\/\/www.odontologiabordelnieto.es\/?page_id=54\",\"url\":\"https:\/\/www.odontologiabordelnieto.es\/?page_id=54\",\"name\":\"Localizaci\u00f3n - Odontolog\u00eda BORDEL NIETO\",\"isPartOf\":{\"@id\":\"https:\/\/www.odontologiabordelnieto.es\/#website\"},\"datePublished\":\"2013-07-25T00:33:46+00:00\",\"dateModified\":\"2013-09-18T17:58:02+00:00\",\"breadcrumb\":{\"@id\":\"https:\/\/www.odontologiabordelnieto.es\/?page_id=54#breadcrumb\"},\"inLanguage\":\"es\",\"potentialAction\":[{\"@type\":\"ReadAction\",\"target\":[\"https:\/\/www.odontologiabordelnieto.es\/?page_id=54\"]}]},{\"@type\":\"BreadcrumbList\",\"@id\":\"https:\/\/www.odontologiabordelnieto.es\/?page_id=54#breadcrumb\",\"itemListElement\":[{\"@type\":\"ListItem\",\"position\":1,\"name\":\"Portada\",\"item\":\"https:\/\/www.odontologiabordelnieto.es\/\"},{\"@type\":\"ListItem\",\"position\":2,\"name\":\"Localizaci\u00f3n\"}]},{\"@type\":\"WebSite\",\"@id\":\"https:\/\/www.odontologiabordelnieto.es\/#website\",\"url\":\"https:\/\/www.odontologiabordelnieto.es\/\",\"name\":\"Odontolog\u00eda BORDEL NIETO\",\"description\":\"Los mejores especialistas en tu salud bucodental\",\"potentialAction\":[{\"@type\":\"SearchAction\",\"target\":{\"@type\":\"EntryPoint\",\"urlTemplate\":\"https:\/\/www.odontologiabordelnieto.es\/?s={search_term_string}\"},\"query-input\":\"required name=search_term_string\"}],\"inLanguage\":\"es\"}]}<\/script>\n<!-- \/ Yoast SEO plugin. -->","yoast_head_json":{"title":"Localizaci\u00f3n - Odontolog\u00eda BORDEL NIETO","robots":{"index":"index","follow":"follow","max-snippet":"max-snippet:-1","max-image-preview":"max-image-preview:large","max-video-preview":"max-video-preview:-1"},"canonical":"https:\/\/www.odontologiabordelnieto.es\/?page_id=54","og_locale":"es_ES","og_type":"article","og_title":"Localizaci\u00f3n - Odontolog\u00eda BORDEL NIETO","og_description":"&nbsp; Ver mapa m\u00e1s grande Odontolog\u00eda BORDEL NIETO Collado de Marichiva, 2 &#8211; 1\u00baC 28035 Madrid \u00a0\u00a0Metro L\u00ednea 7. Estaci\u00f3n Lacoma L\u00ednea 9. Estaci\u00f3n Mirasierra EMT L\u00ednea 49. Plaza Castilla-Arroyo del Fresno Ida Ventisquero de la Condesa &#8211; Cemtro Vuelta:&hellip;Read more &rarr;","og_url":"https:\/\/www.odontologiabordelnieto.es\/?page_id=54","og_site_name":"Odontolog\u00eda BORDEL NIETO","article_modified_time":"2013-09-18T17:58:02+00:00","twitter_card":"summary_large_image","schema":{"@context":"https:\/\/schema.org","@graph":[{"@type":"WebPage","@id":"https:\/\/www.odontologiabordelnieto.es\/?page_id=54","url":"https:\/\/www.odontologiabordelnieto.es\/?page_id=54","name":"Localizaci\u00f3n - Odontolog\u00eda BORDEL NIETO","isPartOf":{"@id":"https:\/\/www.odontologiabordelnieto.es\/#website"},"datePublished":"2013-07-25T00:33:46+00:00","dateModified":"2013-09-18T17:58:02+00:00","breadcrumb":{"@id":"https:\/\/www.odontologiabordelnieto.es\/?page_id=54#breadcrumb"},"inLanguage":"es","potentialAction":[{"@type":"ReadAction","target":["https:\/\/www.odontologiabordelnieto.es\/?page_id=54"]}]},{"@type":"BreadcrumbList","@id":"https:\/\/www.odontologiabordelnieto.es\/?page_id=54#breadcrumb","itemListElement":[{"@type":"ListItem","position":1,"name":"Portada","item":"https:\/\/www.odontologiabordelnieto.es\/"},{"@type":"ListItem","position":2,"name":"Localizaci\u00f3n"}]},{"@type":"WebSite","@id":"https:\/\/www.odontologiabordelnieto.es\/#website","url":"https:\/\/www.odontologiabordelnieto.es\/","name":"Odontolog\u00eda BORDEL NIETO","description":"Los mejores especialistas en tu salud bucodental","potentialAction":[{"@type":"SearchAction","target":{"@type":"EntryPoint","urlTemplate":"https:\/\/www.odontologiabordelnieto.es\/?s={search_term_string}"},"query-input":"required name=search_term_string"}],"inLanguage":"es"}]}},"_links":{"self":[{"href":"https:\/\/www.odontologiabordelnieto.es\/index.php?rest_route=\/wp\/v2\/pages\/54"}],"collection":[{"href":"https:\/\/www.odontologiabordelnieto.es\/index.php?rest_route=\/wp\/v2\/pages"}],"about":[{"href":"https:\/\/www.odontologiabordelnieto.es\/index.php?rest_route=\/wp\/v2\/types\/page"}],"author":[{"embeddable":true,"href":"https:\/\/www.odontologiabordelnieto.es\/index.php?rest_route=\/wp\/v2\/users\/1"}],"replies":[{"embeddable":true,"href":"https:\/\/www.odontologiabordelnieto.es\/index.php?rest_route=%2Fwp%2Fv2%2Fcomments&post=54"}],"version-history":[{"count":42,"href":"https:\/\/www.odontologiabordelnieto.es\/index.php?rest_route=\/wp\/v2\/pages\/54\/revisions"}],"predecessor-version":[{"id":327,"href":"https:\/\/www.odontologiabordelnieto.es\/index.php?rest_route=\/wp\/v2\/pages\/54\/revisions\/327"}],"wp:attachment":[{"href":"https:\/\/www.odontologiabordelnieto.es\/index.php?rest_route=%2Fwp%2Fv2%2Fmedia&parent=54"}],"curies":[{"name":"wp","href":"https:\/\/api.w.org\/{rel}","templated":true}]}}

Localización

<p>&nbsp;</p>
<table border="0">
<tbody>
<tr>
<td style="text-align: center; background-color: #dddddd;"><iframe loading="lazy" src="https://maps.google.es/maps?f=q&amp;source=s_q&amp;hl=es&amp;geocode=&amp;q=Calle+del+Collado+de+Marichiva,+2,+Madrid&amp;aq=0&amp;oq=Calle+del+Collado+de+Marichiva,+2+Madrid&amp;sll=40.489819,-3.718971&amp;sspn=0.008143,0.013711&amp;t=h&amp;ie=UTF8&amp;hq=&amp;hnear=Calle+del+Collado+de+Marichiva,+2,+28035+Madrid&amp;ll=40.489814,-3.718979&amp;spn=0.008143,0.013711&amp;z=14&amp;iwloc=r0&amp;output=embed" height="350" width="425" frameborder="0" marginwidth="0" marginheight="0" scrolling="no"></iframe><br />
<small><a style="color: #0000ff; text-align: left;" href="https://maps.google.es/maps?f=q&amp;source=embed&amp;hl=es&amp;geocode=&amp;q=Calle+del+Collado+de+Marichiva,+2,+Madrid&amp;aq=0&amp;oq=Calle+del+Collado+de+Marichiva,+2+Madrid&amp;sll=40.489819,-3.718971&amp;sspn=0.008143,0.013711&amp;t=h&amp;ie=UTF8&amp;hq=&amp;hnear=Calle+del+Collado+de+Marichiva,+2,+28035+Madrid&amp;ll=40.489814,-3.718979&amp;spn=0.008143,0.013711&amp;z=14&amp;iwloc=r0">Ver mapa más grande</a></small></td>
<td style="text-align: center; background-color: #dddddd; width: 250px;" valign="top">
<p align="center"><strong>Odontología</strong></p>
<p align="center"><span style="color: #000080;"><strong>BORDEL NIETO</strong></span></p>
<p align="center"><span style="color: #33cccc;"><strong>Collado de Marichiva, 2 &#8211; 1ºC</strong></span></p>
<p align="center"><span style="color: #33cccc; line-height: 5%;"><strong>28035 Madrid</strong></span></p>
<p align="center"> <span style="color: #339966; line-height: 100%;"><strong><small><span style="color: #000000;"> </span><span style="color: #339966;">Metro</span><br />
<span style="color: #339966;">Línea 7. Estación Lacoma</span><br />
<span style="color: #339966;">Línea 9. Estación Mirasierra</span><br />
</small></strong></span></p>
<p align="center"><span style="line-height: 100%; color: #0000ff;"><strong><small>EMT</small></strong></span><strong><small></small></strong></p>
<p><strong><span style="line-height: 5%; color: #0000ff;"><span style="font-size: small;">Línea 49. </span></span></strong><span style="color: #0000ff;"><small></small><small><span style="line-height: 15%;"><span style="font-size: small;">Plaza Castilla-Arroyo del Fresno</span></span></small></span></p>
<p align="center"><span style="line-height: 15%; color: #003300;"><span style="font-size: xx-small;">Ida Ventisquero de la Condesa &#8211; Cemtro</span></span></p>
<p align="center"><span style="color: #003300;"><span style="line-height: 15%;"><span style="font-size: xx-small;">Vuelta: Ventisquero de la Condesa -Collado de Marichiva</span></span></span></p>
<p align="center"><span style="line-height: 5%; color: #33cccc;"><span style="font-size: small;"><span style="color: #0000ff;"><strong>Línea 64. </strong></span></span></span><span style="color: #0000ff;"><span style="line-height: 100%;"><span style="font-size: small;">Cuatro Caminos-Arroyo del Fresno</span></span></span></p>
<p align="center"><span style="line-height: 15%; color: #003300;"><span style="font-size: xx-small;">Ida: Ventisquero de la Condesa &#8211; Cerro Minguete</span></span></p>
<p align="center"><span style="color: #003300;"><span style="line-height: 15%;"><span style="font-size: xx-small;">Vuelta Ventisquero de la Condesa &#8211; Cerro Minguete</span></span></span></p>
</td>
</tr>
</tbody>
</table>
<p></p>

<p>&nbsp; Ver mapa más grande Odontología BORDEL NIETO Collado de Marichiva, 2 &#8211; 1ºC 28035 Madrid   Metro Línea 7. Estación Lacoma Línea 9. Estación Mirasierra EMT Línea 49. Plaza Castilla-Arroyo del Fresno Ida Ventisquero de la Condesa &#8211; Cemtro Vuelta:&hellip;</p>
<p class="more-link-p"><a class="more-link" href="https://www.odontologiabordelnieto.es/?page_id=54">Read more &rarr;</a></p>

<!-- This site is optimized with the Yoast SEO plugin v19.10 - https://yoast.com/wordpress/plugins/seo/ -->
<title>Localización - Odontología BORDEL NIETO</title>
<meta name="robots" content="index, follow, max-snippet:-1, max-image-preview:large, max-video-preview:-1" />
<link rel="canonical" href="https://www.odontologiabordelnieto.es/?page_id=54" />
<meta property="og:locale" content="es_ES" />
<meta property="og:type" content="article" />
<meta property="og:title" content="Localización - Odontología BORDEL NIETO" />
<meta property="og:description" content="&nbsp; Ver mapa más grande Odontología BORDEL NIETO Collado de Marichiva, 2 &#8211; 1ºC 28035 Madrid   Metro Línea 7. Estación Lacoma Línea 9. Estación Mirasierra EMT Línea 49. Plaza Castilla-Arroyo del Fresno Ida Ventisquero de la Condesa &#8211; Cemtro Vuelta:&hellip;Read more &rarr;" />
<meta property="og:url" content="https://www.odontologiabordelnieto.es/?page_id=54" />
<meta property="og:site_name" content="Odontología BORDEL NIETO" />
<meta property="article:modified_time" content="2013-09-18T17:58:02+00:00" />
<meta name="twitter:card" content="summary_large_image" />
<script type="application/ld+json" class="yoast-schema-graph">{"@context":"https://schema.org","@graph":[{"@type":"WebPage","@id":"https://www.odontologiabordelnieto.es/?page_id=54","url":"https://www.odontologiabordelnieto.es/?page_id=54","name":"Localización - Odontología BORDEL NIETO","isPartOf":{"@id":"https://www.odontologiabordelnieto.es/#website"},"datePublished":"2013-07-25T00:33:46+00:00","dateModified":"2013-09-18T17:58:02+00:00","breadcrumb":{"@id":"https://www.odontologiabordelnieto.es/?page_id=54#breadcrumb"},"inLanguage":"es","potentialAction":[{"@type":"ReadAction","target":["https://www.odontologiabordelnieto.es/?page_id=54"]}]},{"@type":"BreadcrumbList","@id":"https://www.odontologiabordelnieto.es/?page_id=54#breadcrumb","itemListElement":[{"@type":"ListItem","position":1,"name":"Portada","item":"https://www.odontologiabordelnieto.es/"},{"@type":"ListItem","position":2,"name":"Localización"}]},{"@type":"WebSite","@id":"https://www.odontologiabordelnieto.es/#website","url":"https://www.odontologiabordelnieto.es/","name":"Odontología BORDEL NIETO","description":"Los mejores especialistas en tu salud bucodental","potentialAction":[{"@type":"SearchAction","target":{"@type":"EntryPoint","urlTemplate":"https://www.odontologiabordelnieto.es/?s={search_term_string}"},"query-input":"required name=search_term_string"}],"inLanguage":"es"}]}</script>
<!-- / Yoast SEO plugin. -->

Localización - Odontología BORDEL NIETO

&nbsp; Ver mapa más grande Odontología BORDEL NIETO Collado de Marichiva, 2 &#8211; 1ºC 28035 Madrid   Metro Línea 7. Estación Lacoma Línea 9. Estación Mirasierra EMT Línea 49. Plaza Castilla-Arroyo del Fresno Ida Ventisquero de la Condesa &#8211; Cemtro Vuelta:&hellip;Read more &rarr;

Odontología BORDEL NIETO
